{"id":53,"date":"2020-08-14T21:36:31","date_gmt":"2020-08-14T21:36:31","guid":{"rendered":"https:\/\/web.lavereda.com.mx\/?page_id=53"},"modified":"2020-08-15T20:11:04","modified_gmt":"2020-08-15T20:11:04","slug":"quienes-somos","status":"publish","type":"page","link":"https:\/\/lavereda.com.mx\/index.php\/quienes-somos\/","title":{"rendered":"QUIENES SOMOS"},"content":{"rendered":"\n<p><\/p>\n\n\n\n<div class=\"wp-block-image\"><figure class=\"alignright size-large is-resized\"><img fetchpriority=\"high\" decoding=\"async\" src=\"https:\/\/web.lavereda.com.mx\/wp-content\/uploads\/2020\/08\/57504768_10218897831616337_1347358019876290560_n.jpg\" alt=\"\" class=\"wp-image-317\" width=\"265\" height=\"363\" srcset=\"https:\/\/lavereda.com.mx\/wp-content\/uploads\/2020\/08\/57504768_10218897831616337_1347358019876290560_n.jpg 569w, https:\/\/lavereda.com.mx\/wp-content\/uploads\/2020\/08\/57504768_10218897831616337_1347358019876290560_n-219x300.jpg 219w\" sizes=\"(max-width: 265px) 100vw, 265px\" \/><figcaption><em>Adriana Vargas Flores. Directora.<\/em><\/figcaption><\/figure><\/div>\n\n\n\n<p class=\"has-medium-font-size\"><strong><em>La Vereda: Arte, Sociedad y Ocio\u00a0<\/em><\/strong>es un medio de comunicaci\u00f3n digital dedicado al periodismo cultural, de temas sociales y de entretenimiento, \u00fanico en su tipo en la Comarca Lagunera y parte del norte de M\u00e9xico.\u00a0<\/p>\n\n\n\n<p>Adem\u00e1s difundimos la agenda de cultura y espect\u00e1culos de&nbsp; la Comarca y estados aleda\u00f1os, con notas, cr\u00f3nicas y entrevistas.&nbsp;<\/p>\n\n\n\n<p>Nuestro medio naci\u00f3 en el 2015 y d\u00eda con d\u00eda seguimos ampliando nuestro contenido cultural con columnas y rese\u00f1as sobre cine, televisi\u00f3n, libros, etc\u00e9tera.<\/p>\n\n\n\n<p>Te damos la bienvenida y recuerda<\/p>\n\n\n\n<p>#ComparteCultura.<\/p>\n","protected":false},"excerpt":{"rendered":"<p>La Vereda: Arte, Sociedad y Ocio\u00a0es un medio de comunicaci\u00f3n digital dedicado al periodismo cultural, de temas sociales y de entretenimiento, \u00fanico en su tipo en la Comarca Lagunera y &hellip; <a href=\"https:\/\/lavereda.com.mx\/index.php\/quienes-somos\/\" class=\"more-link\">Leer m\u00e1s<\/a><\/p>\n","protected":false},"author":1,"featured_media":0,"parent":0,"menu_order":0,"comment_status":"closed","ping_status":"closed","template":"","meta":{"footnotes":""},"class_list":["post-53","page","type-page","status-publish","hentry","entry"],"_links":{"self":[{"href":"https:\/\/lavereda.com.mx\/index.php\/wp-json\/wp\/v2\/pages\/53","targetHints":{"allow":["GET"]}}],"collection":[{"href":"https:\/\/lavereda.com.mx\/index.php\/wp-json\/wp\/v2\/pages"}],"about":[{"href":"https:\/\/lavereda.com.mx\/index.php\/wp-json\/wp\/v2\/types\/page"}],"author":[{"embeddable":true,"href":"https:\/\/lavereda.com.mx\/index.php\/wp-json\/wp\/v2\/users\/1"}],"replies":[{"embeddable":true,"href":"https:\/\/lavereda.com.mx\/index.php\/wp-json\/wp\/v2\/comments?post=53"}],"version-history":[{"count":5,"href":"https:\/\/lavereda.com.mx\/index.php\/wp-json\/wp\/v2\/pages\/53\/revisions"}],"predecessor-version":[{"id":324,"href":"https:\/\/lavereda.com.mx\/index.php\/wp-json\/wp\/v2\/pages\/53\/revisions\/324"}],"wp:attachment":[{"href":"https:\/\/lavereda.com.mx\/index.php\/wp-json\/wp\/v2\/media?parent=53"}],"curies":[{"name":"wp","href":"https:\/\/api.w.org\/{rel}","templated":true}]}}

<p></p>



<div class="wp-block-image"><figure class="alignright size-large is-resized"><img fetchpriority="high" decoding="async" src="https://web.lavereda.com.mx/wp-content/uploads/2020/08/57504768_10218897831616337_1347358019876290560_n.jpg" alt="" class="wp-image-317" width="265" height="363" srcset="https://lavereda.com.mx/wp-content/uploads/2020/08/57504768_10218897831616337_1347358019876290560_n.jpg 569w, https://lavereda.com.mx/wp-content/uploads/2020/08/57504768_10218897831616337_1347358019876290560_n-219x300.jpg 219w" sizes="(max-width: 265px) 100vw, 265px" /><figcaption><em>Adriana Vargas Flores. Directora.</em></figcaption></figure></div>



<p class="has-medium-font-size"><strong><em>La Vereda: Arte, Sociedad y Ocio </em></strong>es un medio de comunicación digital dedicado al periodismo cultural, de temas sociales y de entretenimiento, único en su tipo en la Comarca Lagunera y parte del norte de México. </p>



<p>Además difundimos la agenda de cultura y espectáculos de&nbsp; la Comarca y estados aledaños, con notas, crónicas y entrevistas.&nbsp;</p>



<p>Nuestro medio nació en el 2015 y día con día seguimos ampliando nuestro contenido cultural con columnas y reseñas sobre cine, televisión, libros, etcétera.</p>



<p>Te damos la bienvenida y recuerda</p>



<p>#ComparteCultura.</p>

<p>La Vereda: Arte, Sociedad y Ocio es un medio de comunicación digital dedicado al periodismo cultural, de temas sociales y de entretenimiento, único en su tipo en la Comarca Lagunera y &hellip; <a href="https://lavereda.com.mx/index.php/quienes-somos/" class="more-link">Leer más</a></p>
